{"id":20321,"date":"2026-09-01T07:19:34","date_gmt":"2026-09-01T07:19:34","guid":{"rendered":"https:\/\/jobbkezek.hu\/?post_type=job_listing&#038;p=20321"},"modified":"2026-09-01T07:45:54","modified_gmt":"2026-09-01T07:45:54","slug":"0800-1630-adminisztrativ-munka-nyugati-ter","status":"publish","type":"job_listing","link":"https:\/\/jobbkezek.hu\/en\/job\/0800-1630-adminisztrativ-munka-nyugati-ter\/","title":{"rendered":"Adminisztrat\u00edv munka- NYUGATI T\u00c9R"},"content":{"rendered":"<p>18 \u00e9v feletti nappali tagozatos AKT\u00cdV vagy PASSZ\u00cdV jogviszonnyal rendelkez\u0151 di\u00e1kok jelentkez\u00e9s\u00e9t v\u00e1rjuk irodai adminisztrat\u00edv feladatok elv\u00e9gz\u00e9s\u00e9hez.<\/p>\n<p><strong>Munkav\u00e9gz\u00e9s helye:<\/strong>\u00a0Budapest, VI. ker\u00fclet<\/p>\n<p><strong>\u00d3rab\u00e9r:<\/strong> brutt\u00f3 2200 Ft<\/p>\n<p><strong>Munkaid\u0151:<\/strong> 8-16:30-ig, minimum heti 30 \u00f3ra, de \u00f6r\u00fcln\u00e9nek t\u00f6bbnek is<\/p>\n<p><strong>Kezd\u00e9s:<\/strong> min\u00e9l hamarabb<\/p>\n<p><strong>Feladatok:<\/strong><\/p>\n<ul>\n<li>adatr\u00f6gz\u00edt\u00e9s<\/li>\n<li>szerz\u0151d\u00e9sekhez kapcsol\u00f3d\u00f3 adatok r\u00f6gz\u00edt\u00e9se \u00e9s karbantart\u00e1sa<\/li>\n<li>Excel-t\u00e1bl\u00e1zatok kezel\u00e9se \u00e9s friss\u00edt\u00e9se<\/li>\n<li>SAP-ban v\u00e9gzett egyszer\u0171bb adminisztrat\u00edv feladatok<\/li>\n<\/ul>\n<p><strong>Elv\u00e1r\u00e1sok:<\/strong><\/p>\n<ul>\n<li>magas szint\u0171 adatpontoss\u00e1g<\/li>\n<li>alapvet\u0151 Excel ismeretek<\/li>\n<li>magabiztos sz\u00e1m\u00edt\u00f3g\u00e9p-haszn\u00e1latot<\/li>\n<li>precizit\u00e1s \u00e9s figyelem a r\u00e9szletekre<\/li>\n<li>j\u00f3 koncentr\u00e1ci\u00f3 k\u00e9pess\u00e9g<\/li>\n<li>\u00f6n\u00e1ll\u00f3 munkav\u00e9gz\u00e9s<\/li>\n<li>gyorsas\u00e1g<\/li>\n<li>megb\u00edzhat\u00f3s\u00e1g<\/li>\n<li>SAP-ismeret nem sz\u00fcks\u00e9ges, betan\u00edtj\u00e1k<\/li>\n<\/ul>\n<p><strong>A munka v\u00e1rhat\u00f3an december elej\u00e9ig tart, jelentkez\u00e9skor k\u00e9rlek, ezt vedd figyelembe.<\/strong><\/p>\n<p>Jelentkezni \u00f6n\u00e9letrajzzal lehet!<\/p>\n<p><strong>Kapcsolattart\u00f3:<\/strong><\/p>\n<p>M\u00e9sz\u00e1ros Ad\u00e9l 06 20 4714140<\/p>\n<p>meszaros@jobbkezek.hu<\/p>\n<p><strong>Facebookon is megtal\u00e1lsz benn\u00fcnket!<\/strong><\/p>\n<p><a href=\"https:\/\/www.facebook.com\/profile.php?id=100015266133792\">https:\/\/www.facebook.com\/profile.php?id=100015266133792<\/a><\/p>\n<p>\ud83d\udcf7\u00a0K\u00f6vess be minket Instagrammon is, hogy els\u0151 k\u00e9zb\u0151l \u00e9rtes\u00fclj a legfrissebb munk\u00e1inkr\u00f3l.<\/p>\n<p><a href=\"https:\/\/www.instagram.com\/diakmelozz\/\">https:\/\/www.instagram.com\/diakmelozz\/<\/a><\/p>\n","protected":false},"author":57,"featured_media":20322,"comment_status":"closed","ping_status":"closed","template":"","job_listing_type":[168],"job_listing_category":[148],"job_listing_location":[196],"job_listing_tag":[],"class_list":["post-20321","job_listing","type-job_listing","status-publish","has-post-thumbnail","hentry","job_listing_type-0800-1630","job_listing_category-irodai","job_listing_location-vi-kerulet"],"acf":[],"aioseo_notices":[],"metas":{"_job_featured_image":"https:\/\/jobbkezek.hu\/wp-content\/uploads\/wp-job-board-pro-uploads\/_job_featured_image\/2026\/09\/istockphoto-1306461345-612x612-1.jpg","_job_category":{"148":"Irodai"},"_job_type":{"168":"08:00-16:30"},"custom-text-25608588":"","_job_tag":[],"_job_expiry_date":"2026-10-01","_job_apply_type":"internal","bcc-email-1":"","bcc-email-2":"","custom-text-25570844":"","_job_apply_url":"","_job_apply_email":"","_job_phone":"","_job_salary_type":"hourly","_job_salary":"2200 Ft \/ hour","_job_location":{"196":"VI. ker\u00fclet"},"_job_video_url":"","_job_photos":"","_job_application_deadline_date":"","_job_employer_name":"M\u00e9sz\u00e1ros Ad\u00e9l","_job_employer_url":"https:\/\/jobbkezek.hu\/en\/employer\/meszaros-adel\/"},"_links":{"self":[{"href":"https:\/\/jobbkezek.hu\/en\/wp-json\/wp\/v2\/job_listing\/20321","targetHints":{"allow":["GET"]}}],"collection":[{"href":"https:\/\/jobbkezek.hu\/en\/wp-json\/wp\/v2\/job_listing"}],"about":[{"href":"https:\/\/jobbkezek.hu\/en\/wp-json\/wp\/v2\/types\/job_listing"}],"author":[{"embeddable":true,"href":"https:\/\/jobbkezek.hu\/en\/wp-json\/wp\/v2\/users\/57"}],"replies":[{"embeddable":true,"href":"https:\/\/jobbkezek.hu\/en\/wp-json\/wp\/v2\/comments?post=20321"}],"wp:featuredmedia":[{"embeddable":true,"href":"https:\/\/jobbkezek.hu\/en\/wp-json\/wp\/v2\/media\/20322"}],"wp:attachment":[{"href":"https:\/\/jobbkezek.hu\/en\/wp-json\/wp\/v2\/media?parent=20321"}],"wp:term":[{"taxonomy":"job_listing_type","embeddable":true,"href":"https:\/\/jobbkezek.hu\/en\/wp-json\/wp\/v2\/job_listing_type?post=20321"},{"taxonomy":"job_listing_category","embeddable":true,"href":"https:\/\/jobbkezek.hu\/en\/wp-json\/wp\/v2\/job_listing_category?post=20321"},{"taxonomy":"job_listing_location","embeddable":true,"href":"https:\/\/jobbkezek.hu\/en\/wp-json\/wp\/v2\/job_listing_location?post=20321"},{"taxonomy":"job_listing_tag","embeddable":true,"href":"https:\/\/jobbkezek.hu\/en\/wp-json\/wp\/v2\/job_listing_tag?post=20321"}],"curies":[{"name":"wp","href":"https:\/\/api.w.org\/{rel}","templated":true}]}}

Adminisztratív munka- NYUGATI TÉR

<p>18 év feletti nappali tagozatos AKTÍV vagy PASSZÍV jogviszonnyal rendelkező diákok jelentkezését várjuk irodai adminisztratív feladatok elvégzéséhez.</p>
<p><strong>Munkavégzés helye:</strong> Budapest, VI. kerület</p>
<p><strong>Órabér:</strong> bruttó 2200 Ft</p>
<p><strong>Munkaidő:</strong> 8-16:30-ig, minimum heti 30 óra, de örülnének többnek is</p>
<p><strong>Kezdés:</strong> minél hamarabb</p>
<p><strong>Feladatok:</strong></p>
<ul>
<li>adatrögzítés</li>
<li>szerződésekhez kapcsolódó adatok rögzítése és karbantartása</li>
<li>Excel-táblázatok kezelése és frissítése</li>
<li>SAP-ban végzett egyszerűbb adminisztratív feladatok</li>
</ul>
<p><strong>Elvárások:</strong></p>
<ul>
<li>magas szintű adatpontosság</li>
<li>alapvető Excel ismeretek</li>
<li>magabiztos számítógép-használatot</li>
<li>precizitás és figyelem a részletekre</li>
<li>jó koncentráció képesség</li>
<li>önálló munkavégzés</li>
<li>gyorsaság</li>
<li>megbízhatóság</li>
<li>SAP-ismeret nem szükséges, betanítják</li>
</ul>
<p><strong>A munka várhatóan december elejéig tart, jelentkezéskor kérlek, ezt vedd figyelembe.</strong></p>
<p>Jelentkezni önéletrajzzal lehet!</p>
<p><strong>Kapcsolattartó:</strong></p>
<p>Mészáros Adél 06 20 4714140</p>
<p>meszaros@jobbkezek.hu</p>
<p><strong>Facebookon is megtalálsz bennünket!</strong></p>
<p><a href="https://www.facebook.com/profile.php?id=100015266133792">https://www.facebook.com/profile.php?id=100015266133792</a></p>
<p>📷 Kövess be minket Instagrammon is, hogy első kézből értesülj a legfrissebb munkáinkról.</p>
<p><a href="https://www.instagram.com/diakmelozz/">https://www.instagram.com/diakmelozz/</a></p>

VI. kerület

Mészáros Adél
