{"id":40,"date":"2021-03-10T09:29:15","date_gmt":"2021-03-10T09:29:15","guid":{"rendered":"https:\/\/apusthemes.com\/wp-demo\/superio\/?page_id=40"},"modified":"2025-09-16T05:13:54","modified_gmt":"2025-09-16T05:13:54","slug":"munkavallalas-feltetelei","status":"publish","type":"page","link":"https:\/\/jobbkezek.hu\/en\/munkavallalas-feltetelei\/","title":{"rendered":"Employment requirements"},"content":{"rendered":"<div data-elementor-type=\"wp-page\" data-elementor-id=\"40\" class=\"elementor elementor-40\">\n\t\t\t\t\t\t<section class=\"elementor-section elementor-top-section elementor-element elementor-element-b349c76 elementor-section-stretched elementor-section-boxed elementor-section-height-default elementor-section-height-default\" data-id=\"b349c76\" data-element_type=\"section\" data-settings=\"{&quot;stretch_section&quot;:&quot;section-stretched&quot;}\">\n\t\t\t\t\t\t<div class=\"elementor-container elementor-column-gap-extended\">\n\t\t\t\t\t<div class=\"elementor-column elementor-col-100 elementor-top-column elementor-element elementor-element-1d99470\" data-id=\"1d99470\" data-element_type=\"column\">\n\t\t\t<div class=\"elementor-widget-wrap elementor-element-populated\">\n\t\t\t\t\t\t<div class=\"elementor-element elementor-element-d42aa63 elementor-widget elementor-widget-heading\" data-id=\"d42aa63\" data-element_type=\"widget\" data-widget_type=\"heading.default\">\n\t\t\t\t<div class=\"elementor-widget-container\">\n\t\t\t\t\t<h2 class=\"elementor-heading-title elementor-size-default\">Kedves di\u00e1k munkav\u00e1llal\u00f3nk!<\/h2>\t\t\t\t<\/div>\n\t\t\t\t<\/div>\n\t\t\t\t<div class=\"elementor-element elementor-element-f4dc3d8 elementor-widget elementor-widget-text-editor\" data-id=\"f4dc3d8\" data-element_type=\"widget\" data-widget_type=\"text-editor.default\">\n\t\t\t\t<div class=\"elementor-widget-container\">\n\t\t\t\t\t\t\t\t\t<h4><strong>Sz\u00f6vetkezet\u00fcnkn\u00e9l az al\u00e1bbi felt\u00e9telekkel v\u00e1llalhatsz munk\u00e1t:<\/strong><\/h4><ul><li>akt\u00edv vagy passz\u00edv nappali tagozatos hallgat\u00f3i jogviszonnyal kell rendelkezned \u00e9s ezt \u00e9rv\u00e9nyes di\u00e1kigazolv\u00e1nnyal kell igazolnod<\/li><li>passz\u00edv hallgat\u00f3i jogviszony eset\u00e9n csak 25 \u00e9ves korodig tudsz n\u00e1lunk dolgozni<\/li><li>ha m\u00e9g nem t\u00f6lt\u00f6tted be a 18 \u00e9vet, akkor \u00e9jszakai m\u0171szakot nem v\u00e1llalhatsz<\/li><li>16 \u00e9ves kor alatt csak iskolai sz\u00fcnetben dolgozhatsz<\/li><li>15 \u00e9ves kor alatt nem v\u00e1llalhatsz munk\u00e1t a jelenleg \u00e9rv\u00e9nyes jogszab\u00e1lyok alapj\u00e1n<\/li><li>a nappali tagozatos jogviszonyodat minden f\u00e9l\u00e9v\/tan\u00e9v elej\u00e9n sz\u00fcks\u00e9ges igazolni. Ezt az \u00e9rv\u00e9nyes matric\u00e1val ell\u00e1tott di\u00e1kigazolv\u00e1nyod mindk\u00e9t oldal\u00e1nak email-ben t\u00f6rt\u00e9n\u0151 elk\u00fcld\u00e9s\u00e9vel tudod megtenni.<\/li><\/ul><h4><strong>Munkav\u00e1llal\u00e1shoz sz\u00fcks\u00e9ges dokumentumok:<\/strong><\/h4><ul><li>\u00e9rv\u00e9nyes szem\u00e9lyi igazolv\u00e1ny<\/li><li>lakc\u00edmk\u00e1rtya<\/li><li>ad\u00f3k\u00e1rtya<\/li><li>TAJ k\u00e1rtya<\/li><li>di\u00e1kigazolv\u00e1ny<\/li><li>banksz\u00e1mlasz\u00e1m<\/li><li>Bel\u00e9p\u00e9si nyilatkozat \u00e9s Tagis\u00e1gi meg\u00e1llapod\u00e1s (<a href=\"https:\/\/jobbkezek.hu\/en\/letoltheto-dokumentumok\/\">innen<\/a> let\u00f6lthet\u0151)<\/li><li>18 \u00e9v alatt &#8222;T\u00f6rv\u00e9nyes k\u00e9pvisel\u0151i nyilatkozat&#8221; (<a href=\"https:\/\/jobbkezek.hu\/en\/letoltheto-dokumentumok\/\">innen<\/a> let\u00f6lthet\u0151)<\/li><\/ul><p>A sz\u00f6vetkezeti tags\u00e1ghoz sz\u00f6vetkezeti r\u00e9szjegy megv\u00e1lt\u00e1sa sz\u00fcks\u00e9ges, melynek \u00f6sszege 500 Ft. Ezt nem kell befizetned, az els\u0151 fizet\u00e9sedb\u0151l automatikusan levonjuk. Ha kil\u00e9psz a sz\u00f6vetkezet\u00fcnkb\u0151l, ezt az \u00f6sszeget visszakapod.<\/p><p>Egyszerre t\u00f6bb iskolasz\u00f6vetkezet tagja is lehetsz, ez nem jelent probl\u00e9m\u00e1t.<\/p><h4>Minden dokumentumot <strong>online<\/strong> eljuttathatsz hozz\u00e1nk!<\/h4><p>A munkav\u00e1llal\u00e1s folyamat\u00e1r\u00f3l <a style=\"text-decoration: underline;\" href=\"https:\/\/jobbkezek.hu\/en\/munkavallalas-folyamata\/\">itt<\/a> olvashatsz.<\/p><p>If you have any questions, <a style=\"text-decoration: underline;\" href=\"https:\/\/jobbkezek.hu\/en\/uzenet-kuldese\/\">itt<\/a> tudsz \u00fczenetet k\u00fcldeni.<\/p>\t\t\t\t\t\t\t\t<\/div>\n\t\t\t\t<\/div>\n\t\t\t\t\t<\/div>\n\t\t<\/div>\n\t\t\t\t\t<\/div>\n\t\t<\/section>\n\t\t\t\t<section class=\"elementor-section elementor-top-section elementor-element elementor-element-3c7d9a6 elementor-section-stretched elementor-section-boxed elementor-section-height-default elementor-section-height-default\" data-id=\"3c7d9a6\" data-element_type=\"section\" data-settings=\"{&quot;stretch_section&quot;:&quot;section-stretched&quot;,&quot;background_background&quot;:&quot;classic&quot;}\">\n\t\t\t\t\t\t<div class=\"elementor-container elementor-column-gap-extended\">\n\t\t\t\t\t<div class=\"elementor-column elementor-col-100 elementor-top-column elementor-element elementor-element-52402a4\" data-id=\"52402a4\" data-element_type=\"column\">\n\t\t\t<div class=\"elementor-widget-wrap elementor-element-populated\">\n\t\t\t\t\t\t<div class=\"elementor-element elementor-element-5f343a5 elementor-widget elementor-widget-heading\" data-id=\"5f343a5\" data-element_type=\"widget\" data-widget_type=\"heading.default\">\n\t\t\t\t<div class=\"elementor-widget-container\">\n\t\t\t\t\t<h2 class=\"elementor-heading-title elementor-size-default\">Find the right job for you today!<\/h2>\t\t\t\t<\/div>\n\t\t\t\t<\/div>\n\t\t\t\t<div class=\"elementor-element elementor-element-e8e88b6 elementor-widget elementor-widget-heading\" data-id=\"e8e88b6\" data-element_type=\"widget\" data-widget_type=\"heading.default\">\n\t\t\t\t<div class=\"elementor-widget-container\">\n\t\t\t\t\t<h2 class=\"elementor-heading-title elementor-size-default\">Register with us and browse our current job offers!<\/h2>\t\t\t\t<\/div>\n\t\t\t\t<\/div>\n\t\t\t\t<div class=\"elementor-element elementor-element-7adf0ed elementor-widget__width-auto elementor-widget elementor-widget-button\" data-id=\"7adf0ed\" data-element_type=\"widget\" data-widget_type=\"button.default\">\n\t\t\t\t<div class=\"elementor-widget-container\">\n\t\t\t\t\t\t\t\t\t<div class=\"elementor-button-wrapper\">\n\t\t\t\t\t<a class=\"elementor-button elementor-button-link elementor-size-md\" href=\"https:\/\/jobbkezek.hu\/en\/aktualis-munkak\/\">\n\t\t\t\t\t\t<span class=\"elementor-button-content-wrapper\">\n\t\t\t\t\t\t\t\t\t<span class=\"elementor-button-text\">Current jobs<\/span>\n\t\t\t\t\t<\/span>\n\t\t\t\t\t<\/a>\n\t\t\t\t<\/div>\n\t\t\t\t\t\t\t\t<\/div>\n\t\t\t\t<\/div>\n\t\t\t\t<div class=\"elementor-element elementor-element-debd928 elementor-widget__width-auto elementor-widget elementor-widget-button\" data-id=\"debd928\" data-element_type=\"widget\" data-widget_type=\"button.default\">\n\t\t\t\t<div class=\"elementor-widget-container\">\n\t\t\t\t\t\t\t\t\t<div class=\"elementor-button-wrapper\">\n\t\t\t\t\t<a class=\"elementor-button elementor-button-link elementor-size-md\" href=\"https:\/\/jobbkezek.hu\/en\/login-register\/\">\n\t\t\t\t\t\t<span class=\"elementor-button-content-wrapper\">\n\t\t\t\t\t\t\t\t\t<span class=\"elementor-button-text\">Registration<\/span>\n\t\t\t\t\t<\/span>\n\t\t\t\t\t<\/a>\n\t\t\t\t<\/div>\n\t\t\t\t\t\t\t\t<\/div>\n\t\t\t\t<\/div>\n\t\t\t\t\t<\/div>\n\t\t<\/div>\n\t\t\t\t\t<\/div>\n\t\t<\/section>\n\t\t\t\t<\/div>","protected":false},"excerpt":{"rendered":"<p>Kedves di\u00e1k munkav\u00e1llal\u00f3nk! Sz\u00f6vetkezet\u00fcnkn\u00e9l az al\u00e1bbi felt\u00e9telekkel v\u00e1llalhatsz munk\u00e1t: akt\u00edv vagy passz\u00edv nappali tagozatos hallgat\u00f3i jogviszonnyal kell rendelkezned \u00e9s ezt \u00e9rv\u00e9nyes di\u00e1kigazolv\u00e1nnyal kell igazolnod passz\u00edv hallgat\u00f3i jogviszony eset\u00e9n csak 25 \u00e9ves korodig tudsz n\u00e1lunk dolgozni ha m\u00e9g nem t\u00f6lt\u00f6tted be a 18 \u00e9vet, akkor \u00e9jszakai m\u0171szakot nem v\u00e1llalhatsz 16 \u00e9ves kor alatt csak iskolai sz\u00fcnetben [&hellip;]<\/p>","protected":false},"author":1,"featured_media":0,"parent":0,"menu_order":0,"comment_status":"closed","ping_status":"closed","template":"","meta":{"_acf_changed":false,"_monsterinsights_skip_tracking":false,"_monsterinsights_sitenote_active":false,"_monsterinsights_sitenote_note":"","_monsterinsights_sitenote_category":0,"footnotes":""},"class_list":["post-40","page","type-page","status-publish","hentry"],"acf":[],"aioseo_notices":[],"_links":{"self":[{"href":"https:\/\/jobbkezek.hu\/en\/wp-json\/wp\/v2\/pages\/40","targetHints":{"allow":["GET"]}}],"collection":[{"href":"https:\/\/jobbkezek.hu\/en\/wp-json\/wp\/v2\/pages"}],"about":[{"href":"https:\/\/jobbkezek.hu\/en\/wp-json\/wp\/v2\/types\/page"}],"author":[{"embeddable":true,"href":"https:\/\/jobbkezek.hu\/en\/wp-json\/wp\/v2\/users\/1"}],"replies":[{"embeddable":true,"href":"https:\/\/jobbkezek.hu\/en\/wp-json\/wp\/v2\/comments?post=40"}],"version-history":[{"count":77,"href":"https:\/\/jobbkezek.hu\/en\/wp-json\/wp\/v2\/pages\/40\/revisions"}],"predecessor-version":[{"id":10300,"href":"https:\/\/jobbkezek.hu\/en\/wp-json\/wp\/v2\/pages\/40\/revisions\/10300"}],"wp:attachment":[{"href":"https:\/\/jobbkezek.hu\/en\/wp-json\/wp\/v2\/media?parent=40"}],"curies":[{"name":"wp","href":"https:\/\/api.w.org\/{rel}","templated":true}]}}

<div data-elementor-type="wp-page" data-elementor-id="40" class="elementor elementor-40">
						<section class="elementor-section elementor-top-section elementor-element elementor-element-b349c76 elementor-section-stretched elementor-section-boxed elementor-section-height-default elementor-section-height-default" data-id="b349c76" data-element_type="section" data-settings="{&quot;stretch_section&quot;:&quot;section-stretched&quot;}">
						<div class="elementor-container elementor-column-gap-extended">
					<div class="elementor-column elementor-col-100 elementor-top-column elementor-element elementor-element-1d99470" data-id="1d99470" data-element_type="column">
			<div class="elementor-widget-wrap elementor-element-populated">
						<div class="elementor-element elementor-element-d42aa63 elementor-widget elementor-widget-heading" data-id="d42aa63" data-element_type="widget" data-widget_type="heading.default">
				<div class="elementor-widget-container">
					<h2 class="elementor-heading-title elementor-size-default">Kedves diák munkavállalónk!</h2>				</div>
				</div>
				<div class="elementor-element elementor-element-f4dc3d8 elementor-widget elementor-widget-text-editor" data-id="f4dc3d8" data-element_type="widget" data-widget_type="text-editor.default">
				<div class="elementor-widget-container">
									<h4><strong>Szövetkezetünknél az alábbi feltételekkel vállalhatsz munkát:</strong></h4><ul><li>aktív vagy passzív nappali tagozatos hallgatói jogviszonnyal kell rendelkezned és ezt érvényes diákigazolvánnyal kell igazolnod</li><li>passzív hallgatói jogviszony esetén csak 25 éves korodig tudsz nálunk dolgozni</li><li>ha még nem töltötted be a 18 évet, akkor éjszakai műszakot nem vállalhatsz</li><li>16 éves kor alatt csak iskolai szünetben dolgozhatsz</li><li>15 éves kor alatt nem vállalhatsz munkát a jelenleg érvényes jogszabályok alapján</li><li>a nappali tagozatos jogviszonyodat minden félév/tanév elején szükséges igazolni. Ezt az érvényes matricával ellátott diákigazolványod mindkét oldalának email-ben történő elküldésével tudod megtenni.</li></ul><h4><strong>Munkavállaláshoz szükséges dokumentumok:</strong></h4><ul><li>érvényes személyi igazolvány</li><li>lakcímkártya</li><li>adókártya</li><li>TAJ kártya</li><li>diákigazolvány</li><li>bankszámlaszám</li><li>Belépési nyilatkozat és Tagisági megállapodás (<a href="https://jobbkezek.hu/en/letoltheto-dokumentumok/">innen</a> letölthető)</li><li>18 év alatt &#8222;Törvényes képviselői nyilatkozat&#8221; (<a href="https://jobbkezek.hu/en/letoltheto-dokumentumok/">innen</a> letölthető)</li></ul><p>A szövetkezeti tagsághoz szövetkezeti részjegy megváltása szükséges, melynek összege 500 Ft. Ezt nem kell befizetned, az első fizetésedből automatikusan levonjuk. Ha kilépsz a szövetkezetünkből, ezt az összeget visszakapod.</p><p>Egyszerre több iskolaszövetkezet tagja is lehetsz, ez nem jelent problémát.</p><h4>Minden dokumentumot <strong>online</strong> eljuttathatsz hozzánk!</h4><p>A munkavállalás folyamatáról <a style="text-decoration: underline;" href="https://jobbkezek.hu/en/munkavallalas-folyamata/">itt</a> olvashatsz.</p><p>If you have any questions, <a style="text-decoration: underline;" href="https://jobbkezek.hu/en/uzenet-kuldese/">itt</a> tudsz üzenetet küldeni.</p>								</div>
				</div>
					</div>
		</div>
					</div>
		</section>
				<section class="elementor-section elementor-top-section elementor-element elementor-element-3c7d9a6 elementor-section-stretched elementor-section-boxed elementor-section-height-default elementor-section-height-default" data-id="3c7d9a6" data-element_type="section" data-settings="{&quot;stretch_section&quot;:&quot;section-stretched&quot;,&quot;background_background&quot;:&quot;classic&quot;}">
						<div class="elementor-container elementor-column-gap-extended">
					<div class="elementor-column elementor-col-100 elementor-top-column elementor-element elementor-element-52402a4" data-id="52402a4" data-element_type="column">
			<div class="elementor-widget-wrap elementor-element-populated">
						<div class="elementor-element elementor-element-5f343a5 elementor-widget elementor-widget-heading" data-id="5f343a5" data-element_type="widget" data-widget_type="heading.default">
				<div class="elementor-widget-container">
					<h2 class="elementor-heading-title elementor-size-default">Find the right job for you today!</h2>				</div>
				</div>
				<div class="elementor-element elementor-element-e8e88b6 elementor-widget elementor-widget-heading" data-id="e8e88b6" data-element_type="widget" data-widget_type="heading.default">
				<div class="elementor-widget-container">
					<h2 class="elementor-heading-title elementor-size-default">Register with us and browse our current job offers!</h2>				</div>
				</div>
				<div class="elementor-element elementor-element-7adf0ed elementor-widget__width-auto elementor-widget elementor-widget-button" data-id="7adf0ed" data-element_type="widget" data-widget_type="button.default">
				<div class="elementor-widget-container">
									<div class="elementor-button-wrapper">
					<a class="elementor-button elementor-button-link elementor-size-md" href="https://jobbkezek.hu/en/aktualis-munkak/">
						<span class="elementor-button-content-wrapper">
									<span class="elementor-button-text">Current jobs</span>
					</span>
					</a>
				</div>
								</div>
				</div>
				<div class="elementor-element elementor-element-debd928 elementor-widget__width-auto elementor-widget elementor-widget-button" data-id="debd928" data-element_type="widget" data-widget_type="button.default">
				<div class="elementor-widget-container">
									<div class="elementor-button-wrapper">
					<a class="elementor-button elementor-button-link elementor-size-md" href="https://jobbkezek.hu/en/login-register/">
						<span class="elementor-button-content-wrapper">
									<span class="elementor-button-text">Registration</span>
					</span>
					</a>
				</div>
								</div>
				</div>
					</div>
		</div>
					</div>
		</section>
				</div>

<p>Kedves diák munkavállalónk! Szövetkezetünknél az alábbi feltételekkel vállalhatsz munkát: aktív vagy passzív nappali tagozatos hallgatói jogviszonnyal kell rendelkezned és ezt érvényes diákigazolvánnyal kell igazolnod passzív hallgatói jogviszony esetén csak 25 éves korodig tudsz nálunk dolgozni ha még nem töltötted be a 18 évet, akkor éjszakai műszakot nem vállalhatsz 16 éves kor alatt csak iskolai szünetben [&hellip;]</p>
